{"id":42,"date":"2011-11-30T16:07:14","date_gmt":"2011-11-30T16:07:14","guid":{"rendered":"http:\/\/miniaturstuhl.de\/?page_id=42"},"modified":"2016-06-07T14:43:37","modified_gmt":"2016-06-07T13:43:37","slug":"broschuren","status":"publish","type":"page","link":"https:\/\/miniaturstuhl.de\/?page_id=42","title":{"rendered":"Brosch\u00fcren"},"content":{"rendered":"<p><span style=\"color: #3366ff;\"><strong>Informationsbrosch\u00fcren zu den Miniaturen<\/strong><\/span><\/p>\n<p><a href=\"https:\/\/miniaturstuhl.de\/?page_id=8755\"><img loading=\"lazy\" decoding=\"async\" class=\"alignnone size-full wp-image-8792\" src=\"https:\/\/miniaturstuhl.de\/wp-content\/uploads\/2016\/06\/GB-Flagge.jpg\" alt=\"GB-Flagge\" width=\"40\" height=\"27\" \/><\/a><\/p>\n<p><img loading=\"lazy\" decoding=\"async\" class=\"alignnone size-full wp-image-6093\" src=\"https:\/\/miniaturstuhl.de\/wp-content\/uploads\/2011\/11\/Broschueren-01.jpg\" alt=\"Broschueren-01\" width=\"448\" height=\"302\" srcset=\"https:\/\/miniaturstuhl.de\/wp-content\/uploads\/2011\/11\/Broschueren-01.jpg 448w, https:\/\/miniaturstuhl.de\/wp-content\/uploads\/2011\/11\/Broschueren-01-300x202.jpg 300w\" sizes=\"auto, (max-width: 448px) 100vw, 448px\" \/><\/p>\n<p>Von 1992 bis heute \u00a0hat das Vitra Design Museum 130\u00a0verschiedene\u00a0Miniaturen aufgelegt.\u00a0Jeder Miniatur ist eine kleine Brosch\u00fcre beigelegt. Die Brosch\u00fcre informiert \u00fcber die Biographie des Designers, gibt Aufschlu\u00df \u00fcber die Modellbezeichnung, die Ma\u00dfe und die verwendeten Materialien der Miniatur.<\/p>\n<p>Auch andere Hersteller f\u00fcgen Ihren Miniaturen Brosch\u00fcren oder Faltbl\u00e4tter mit interessanten Informationen bei. Auf dem Bild oben zeige ich u.a. die sehr aufwendige 16-seitige Brosch\u00fcre von 1:6 Design im d\u00e4nischen Naerum und ein einfaches aber sehr informatives Faltblatt \u00fcber die Miniatur Sedia 1123P von Enzo Mari, hergestellt vom italienischen Designer Sandro Catani<\/p>\n<p>Im Bild unten zeige ich weitere Brosch\u00fcren zu\u00a0Ikeas Sessel Po\u00e4ng und dem Sofa Klippan, einen kleinen Anh\u00e4nger von Thonet mit Kurzinformationen zum Schreibtischfauteuil Nr. 81 (sp\u00e4ter Armlehnensessel Nr. 225) und einem Faltblatt zur Miniatur des Gartenstuhls Luxembourg von Fermob.<\/p>\n<p><img loading=\"lazy\" decoding=\"async\" class=\"alignnone size-full wp-image-6092\" src=\"https:\/\/miniaturstuhl.de\/wp-content\/uploads\/2011\/11\/Broschueren-02.jpg\" alt=\"Broschueren-02\" width=\"448\" height=\"302\" srcset=\"https:\/\/miniaturstuhl.de\/wp-content\/uploads\/2011\/11\/Broschueren-02.jpg 448w, https:\/\/miniaturstuhl.de\/wp-content\/uploads\/2011\/11\/Broschueren-02-300x202.jpg 300w\" sizes=\"auto, (max-width: 448px) 100vw, 448px\" \/><\/p>\n<p>Da ich h\u00e4ufig auf die Brosch\u00fcren zur\u00fcckgreife, habe ich sie den Holzkistchen und Kartons entnommen und in einem separaten Karteikasten untergebracht. Die Sortierung nach Designern und der Modellbezeichnung hat sich als sehr zweckm\u00e4\u00dfig erwiesen und\u00a0erspart mir langes Suchen.<\/p>\n","protected":false},"excerpt":{"rendered":"<p>Informationsbrosch\u00fcren zu den Miniaturen Von 1992 bis heute \u00a0hat das Vitra Design Museum 130\u00a0verschiedene\u00a0Miniaturen aufgelegt.\u00a0Jeder Miniatur ist eine kleine Brosch\u00fcre beigelegt. Die Brosch\u00fcre informiert \u00fcber die Biographie des Designers, gibt Aufschlu\u00df \u00fcber die Modellbezeichnung, die Ma\u00dfe und die verwendeten Materialien der Miniatur. Auch andere Hersteller f\u00fcgen Ihren Miniaturen Brosch\u00fcren oder Faltbl\u00e4tter mit interessanten Informationen bei. &hellip; <a href=\"https:\/\/miniaturstuhl.de\/?page_id=42\" class=\"more-link\"><span class=\"screen-reader-text\">Brosch\u00fcren<\/span> weiterlesen<\/a><\/p>\n","protected":false},"author":1,"featured_media":0,"parent":0,"menu_order":3,"comment_status":"open","ping_status":"open","template":"","meta":{"footnotes":""},"class_list":["post-42","page","type-page","status-publish","hentry"],"jetpack_sharing_enabled":true,"_links":{"self":[{"href":"https:\/\/miniaturstuhl.de\/index.php?rest_route=\/wp\/v2\/pages\/42","targetHints":{"allow":["GET"]}}],"collection":[{"href":"https:\/\/miniaturstuhl.de\/index.php?rest_route=\/wp\/v2\/pages"}],"about":[{"href":"https:\/\/miniaturstuhl.de\/index.php?rest_route=\/wp\/v2\/types\/page"}],"author":[{"embeddable":true,"href":"https:\/\/miniaturstuhl.de\/index.php?rest_route=\/wp\/v2\/users\/1"}],"replies":[{"embeddable":true,"href":"https:\/\/miniaturstuhl.de\/index.php?rest_route=%2Fwp%2Fv2%2Fcomments&post=42"}],"version-history":[{"count":20,"href":"https:\/\/miniaturstuhl.de\/index.php?rest_route=\/wp\/v2\/pages\/42\/revisions"}],"predecessor-version":[{"id":8803,"href":"https:\/\/miniaturstuhl.de\/index.php?rest_route=\/wp\/v2\/pages\/42\/revisions\/8803"}],"wp:attachment":[{"href":"https:\/\/miniaturstuhl.de\/index.php?rest_route=%2Fwp%2Fv2%2Fmedia&parent=42"}],"curies":[{"name":"wp","href":"https:\/\/api.w.org\/{rel}","templated":true}]}}